 + -40) - -2)?
0
Calculate 33 + 8 + 11 + -37 - 48 - (6 - 0).
-39
Evaluate 3 + -2 + 32 + 4 - (-198 + 203).
32
What is -8 - (80 - -18) - 19?
-125
What is 0 + 2 - (10 + (2 - (-4 - -8 - 0)))?
-6
Evaluate -28 + 140 - (3 - -42).
67
8 + -18 - (-64 + 64 + -1 + -18) - 15
-6
Evaluate 24 - ((29 - 39) + 20).
14
Evaluate -49 + -28 + 22 + 24 - -26.
-5
-9 + -24 - ((0 - -14 - 3) + (-41 - -34))
-37
What is -117 + (-29 - -97) + -8?
-57
What is the value of 23 - (7 + -6) - (-25 + 16 + -69)?
100
What is the value of -44 - (40 - 46) - -44?
6
What is -30 - (18 + -30 - -13 - 22)?
-9
-96 - (-118 + 255 + -145)
-88
Evaluate -8 - 85 - (-37 + -73).
17
Calculate (3 - (-6 - -22) - (7 + 1 - 5)) + -10.
-26
Calculate -36 + (-62 - (55 + -193)).
40
What is the value of 9 + (12 - ((15 - (6 - 2)) + -1)) + -84?
-73
What is 1 + 5 - (88 - (110 - 23))?
5
Calculate -70 + (-15 - (-41 - 24)).
-20
What is 19 + (9 + 31 - 21 - 49)?
-11
What is (-3 - -16) + 7 + (-82 - 8 - 7)?
-77
What is 1 + 34 + -79 + 56 + 2?
14
What is the value of (202 - 217) + (3 - -54)?
42
What is the value of -14 + (9 - -12) - ((-5 - -16) + -52)?
48
1 + -1 + -9 + 86 + -95 - -125
107
Calculate 5 + (-19 - 11 - -16).
-9
Calculate -17 + 11 + 74 + (4 + 9 - (6 - 2)).
77
(-20 - 32) + 43 - (0 + -14) - -2 - 73
-66
Evaluate 15 - ((31 - 9) + (26 - 45)).
12
Calculate -29 - -4 - (-20 - (-6 + -14)).
-25
Evaluate (22 - 0) + -9 + -21 - 4.
-12
What is (-1 - 70) + -2 + (-11 - -10 - (3 - 3))?
-74
2 + 0 + 17 + 2779 + -2762
36
What is 68 - (92 + (59 - 115))?
32
What is the value of (22 - 48 - -18) + -19 + -59?
-86
What is the value of 28 - -13 - (11 + 10 + -9)?
29
What is -3 + 5 - -23 - (-1843 + 1867)?
1
(-10 + 19 - (44 + -37)) + 99
101
(-2 - (14 + -4 + (-4 - -1)) - -1) + 5
-3
Calculate (4 + -8 - -5) + 17 - (93 - 79).
4
3607 + -3567 + (21 - -1)
62
What is the value of 3 - (59 + 68 + -106)?
-18
-18 + (6 - -10) + -3 - -17
12
What is the value of (21 - (16 + -87 - -43)) + -19?
30
Evaluate 145 - 96 - (1 + -1 + 13).
36
47 + -81 + (-100 - -162)
28
What is (27 + (27 - 96) - -21) + -43?
-64
Calculate (2 - 0) + (-212 - -186) + 6.
-18
Calculate 0 + -3 - ((116 - 57) + (5 - -2) - 11).
-58
What is the value of 62 + -53 + 8 + -37?
-20
What is (-62 - 10) + (39 - (14 - -1))?
-48
Evaluate (-18 - 13 - -45) + 1 + 52 - (-3 + -1).
71
What is -4 - 2 - (-13 - -79 - 16)?
-56
30 + ((-29 - 9) + 50 - (0 - -31) - -9)
20
What is the value of -10 - (7 + ((-4 - 3) + 5 - 5))?
-10
What is the value of -3 + (-6 - 1) + (17 - (12 - -15)) + 0?
-20
Evaluate -4 - (52 + -21) - 39 - 4.
-78
-14 - (5 + (-5 - -8 - 11 - -1))
-12
-14 + (-10 - (-56 - -16) - 5) + (32 - -4)
47
Calculate (-5 - -13 - -2) + 17 + (7 - 9).
25
Calculate -3 + 25 - 5 - (-42 + 48).
11
Calculate -14 + (27 - -53) + -26.
40
Calculate -6 - ((26 - 93 - -14) + (3 - (1 + 1))).
46
Evaluate 84 + -8 + (407 - 426).
57
Evaluate -22 - (-29 + 1 - (378 - 393) - -15).
-24
(-55 - 11) + 18 + 2 - 10
-56
What is the value of (-33 - (24 + -70)) + -2 + -29?
-18
Evaluate -44 - -22 - (-3 + -36 - -5).
12
What is (-1984 - -1946) + -1 + 16 + 1?
-22
What is the value of -1 + (1 - -4) + -45 + 3 + -2?
-40
Evaluate -8699 + 8661 - (-61 + -1).
24
What is -31 - -1 - (6331 + -6329 - (3 + -6 + 16))?
-19
What is 11 - -1 - (-28 + -25 + 67) - -44?
42
-2 + -31 + 31 + -47
-49
What is the value of 10 + -2 + (0 - 34) + (-27 - 3) + 22?
-34
Calculate (472 - 455) + (22 - (4 + -1)).
36
What is (2 - 6) + (29 + -15 + -13 - 45) + -10?
-58
(-2 - -7) + -2 - (-6 + 19 + -16 + -4)
10
Evaluate -38 + (-3 + -18 - (8 + -29)).
-38
What is the value of -67 + -526 + 526 + 0 + -21?
-88
0 + 9 + 2 + (27 + 8 - 24) + -7
15
What is 1 + 89 - (14802 + -14684)?
-28
Evaluate (51 - (-36 + 6 - -10)) + -23.
48
What is -3 - ((9 - 6 - 9) + -1) - (-303 - -313)?
-6
What is -85 - (-15 - 33) - -88?
51
Evaluate (-20 - 3) + (24 - 10) - ((-57 - -6) + -4).
46
(-43 - -74) + (5 - 11 - -8) + 7
40
Evaluate (-7 - 12) + 21 + (-22 - -42).
22
What is 13 + 161 + (51 - 15) + -77?
133
Evaluate -39 + 2 + 0 - (-19 + (34 - 23)).
-29
Evaluate 26 - (-107 + 169 - -53).
-89
What is 0 + 2 + 51 - (-8007 + 7991)?
69
(-152 + 140 - (-2 - 12)) + -42
-40
What is -13 - (4 + 8 + (6 - 8 - -10))?
-33
What is -10 + (27 + -16 - (-13 + -2))?
16
Evaluate -48 + -46 + 23 + 19 + -25.
-77
96 - ((-12 - -1) + (-54 - -65)) - 12 - 11
73
What is the value of (-304 - -290) + (47 - (-7 + 3 + 1))?
36
What is (-19 - -34) + (-2 - -67) + -8?
72
Calculate 156 + -24 + -57 - 76.
-1
What is the value of -14 + (-9 - (3 + (-15 - (-16 - -15))))?
-12
Calculate -19351 + 19400 + (-1 - (1 - 28)).
75
43 - 139 - -99 - -87
90
Calculate -8 + 3 - ((15 - (11 + -25)) + -110).
76
Evaluate (-3 - 9) + 7 + -3 + (8 - (9 - -3)).
-12
What is the value of 31 - (33 - 10) - (2 + 54)?
-48
What is the value of 38 + 2 - (0 + -1 - -8 - (134 + -122))?
45
What is -12 + 23 + -7 - 3 - 42?
-41
What is the value of -24 + (-3 - 30 - 31 - -9)?
-79
What is the value of -25 + 93 + -21 + -42?
5
Evaluate 7 + -1 + 171 + -187 + (-2 - -75).
63
Calculate -16 - ((8 - -1) + -38) - (30 - -16).
-33
What is the value of 2 + -3 - (35 + 6 + -12) - 13?
-43
Evaluate -10 - 57 - -78 - 15.
-4
What is the value of (-11 - (16 - -23 - -16)) + (13 - 0)?
-53
Calculate -804 + 787 - (13 + 36 + -3 + -3).
-60
What is the value of (20 - -15) + 10 - 47?
-2
What is the value of -45 - (-8 + 5 + 0 - (11 - 16))?
-47
Calculate -83 - (-128 + 33 - 33).
45
What is 0 + -10 + 15 + -47 + 22 + 139?
119
Calculate 68 + 1 + 0 + (7 - 5) + -17.
54
18 - (64 - (-7 - (3 + -22)))
-34
Evaluate 32 + -25 + -16 - (-5 + 4).
-8
What is (30 - (-47 + 65)) + 0 + 26?
38
What is -1098 + 1129 - ((-2 - 1 - 0) + 3)?
31
Calculate -2 + (-31 - -56) + 21 + 4 + (-3 - -1).
46
Calculate 10 + (-7 + -4 - (-12 - (-2 - 13))).
-4
Evaluate 53 + -136 + (21 - -34).
-28
What is -30 + (6 - 12) - -4?
-32
Evaluate 40 + -41 - (-11 + -9).
19
Calculate -1 + 15 + -163 + 92 - 10.
-67
Evaluate (0 - 27) + 803 + -770.
6
Evaluate (0 - -10) + (0 + -119 + -77 + 77 - -9).
-100
Evaluate -29 + (-3 - -3) - (-26 + (27 + -15 - -5)).
-20
Evaluate (-12 - -18) + 14 + -17 + (-1 - -32).
34
What is the value of (1 - (2 - -40)) + (-15 - (-2 + -6)) + 14?
-34
What is (13 + 2 - (-24 - -28)) + (-89 - 12)?
-90
Calculate (-5 + -1 - -24) + 98 + -107.
9
What is -36 - (30 - (-23 + 56) - (7 + 3))?
-23
(10 - (50 - -4)) + (-45 - -59)
-30
Evaluate -14 + 0 + -4061 + 4098 + (0 - -87).
110
What is (61 - (-6 - (9 - 20))) + (-11 - 2)?
43
What is 12 + -84 + 72 - 37?
-37
What is the value of 0 + -36 - (-202 + 179) - (28 - 1)?
-40
Evaluate -7 - -1 - -15 - (53 - 13).
-31
What is -22 + 20 - (-14 + 0) - -77 - -8?
97
What is the value of -19 - (-117 + 100 - 68)?
66
Calculate -14 + (2 - 0) + -19 + -35 + 108 + -40.
2
Evaluate 144 + -6 + (15 - 90).
63
What is -10 + 3 - (-13 + -51 + 22 + 11)?
24
What is the value of -25 + (-9 - -14 - 7) + -11 - 13?
-51
Evaluate 44 + (45 - 48) + -21.
20
What is -7 + -12 + (14 - 30 - (-4 - (6 + -6)))?
-31
Calculate (4 + 2 - 5) + -110 - (56 + (0 - 50)).
-115
What is (7102 - 7206) + -3 + -2?
-109
What is the value of 53 + (-14 - (27 + -22 + -18))?
52
What is the value of -87 - ((-73 - (-38 - -6)) + 15)?
-61
What is the value of -3 + 28 + 2 - (-13 - (61 - 84))?
17
Evaluate -153 - -168 - (47 + -1) - 12.
-43
What is 4 + -20 + 3 - (-3 - 4)?
-6
Evaluate 48 - (-96 - 17) - 125.
36
27 - (45 - (8 - -61))
51
Evaluate -4 + (-22 - -12 - -12) - (49 - -6).
-57
What is 809 + -734 + (2 - (-1 + -2)) + -1 + 1?
80
Evaluate -1 + -5 - (22 - (11 - -16) - 3).
2
Calculate -107 + 78 + (3 - 6) + 16 - 44.
-60
Calculate -21 + 3 + -49 + 76 - (-24 + 1).
32
(-89 - -21) + (344 - 350) + (1 - 0 - -1)
-72
What is 5 + -11 - (18 + -16 + (-19 - -3) - -5)?
3
(54 - 45) + 16 + -18
7
Evaluate 12 + (-21 - -2 - (-9 - -6)) + -87.
-91
What is the value of -50 + (-39 - -155 - 59)?
7
What is the value of (-37 - 16) + 25 + 17?
-11
Evaluate 16 - (23 - ((-20 - -36) + -21)).
-12
Calculate -49 - -21 - -36 - -24.
32
What is the value of -91 - -18 - -43 - -44 - (141 + 1)?
-128
What is 15 - ((3 - 3) + -41 + -112 + 134)?
34
-13 + (-692 - -713 - (-1 - -36)) + 13
-14
20 + 0 + (-1 + 5 - (175 + -160)) - -88
97
1 - (-66 + (-5 - -40) - -112)
-80
Evaluate (-168 - -167) + 166 - 255.
-90
Evaluate -35 + (1 + -18 - (272 + -265 - (15 - 1))).
-45
Calculate -201 + 160 - (-111 - -9).
61
18 + 7 + (63 - 142)
-54
What is the value of -11 + 35 + -36 + -6 + 